he prime factors of 44588.
2, 71, 157
What are the prime factors of 2714?
2, 23, 59
List the prime factors of 708.
2, 3, 59
What are the prime factors of 2404?
2, 601
What are the prime factors of 2783?
11, 23
What are the prime factors of 4393?
23, 191
List the prime factors of 1509.
3, 503
What are the prime factors of 1352?
2, 13
What are the prime factors of 92620?
2, 5, 11, 421
List the prime factors of 3560.
2, 5, 89
List the prime factors of 1314.
2, 3, 73
List the prime factors of 3339.
3, 7, 53
What are the prime factors of 77459?
29, 2671
What are the prime factors of 9846?
2, 3, 547
List the prime factors of 659.
659
List the prime factors of 3339.
3, 7, 53
List the prime factors of 36955.
5, 19, 389
List the prime factors of 33841.
43, 787
What are the prime factors of 26534?
2, 13267
What are the prime factors of 58915?
5, 11783
What are the prime factors of 5359?
23, 233
What are the prime factors of 989?
23, 43
List the prime factors of 62484.
2, 3, 41, 127
What are the prime factors of 154?
2, 7, 11
List the prime factors of 1308.
2, 3, 109
List the prime factors of 3545.
5, 709
List the prime factors of 8257.
23, 359
What are the prime factors of 173?
173
What are the prime factors of 409?
409
List the prime factors of 44343.
3, 13, 379
List the prime factors of 6278.
2, 43, 73
List the prime factors of 17877.
3, 59, 101
What are the prime factors of 419?
419
What are the prime factors of 83967?
3, 13, 2153
What are the prime factors of 10007?
10007
What are the prime factors of 92096?
2, 1439
What are the prime factors of 143512?
2, 17939
List the prime factors of 26172.
2, 3, 727
What are the prime factors of 19064?
2, 2383
What are the prime factors of 293?
293
List the prime factors of 19509.
3, 7, 929
List the prime factors of 8862.
2, 3, 7, 211
List the prime factors of 524.
2, 131
What are the prime factors of 403?
13, 31
List the prime factors of 1316.
2, 7, 47
What are the prime factors of 19828?
2, 4957
What are the prime factors of 1616?
2, 101
List the prime factors of 63.
3, 7
List the prime factors of 18870.
2, 3, 5, 17, 37
List the prime factors of 11513.
29, 397
What are the prime factors of 179?
179
What are the prime factors of 3214?
2, 1607
List the prime factors of 14513.
23, 631
List the prime factors of 353.
353
List the prime factors of 90737.
31, 2927
List the prime factors of 2199.
3, 733
What are the prime factors of 6785?
5, 23, 59
What are the prime factors of 1089?
3, 11
List the prime factors of 396.
2, 3, 11
What are the prime factors of 8393?
7, 11, 109
List the prime factors of 8398.
2, 13, 17, 19
What are the prime factors of 14974?
2, 7487
What are the prime factors of 18478?
2, 9239
List the prime factors of 2496.
2, 3, 13
List the prime factors of 380.
2, 5, 19
List the prime factors of 2295.
3, 5, 17
List the prime factors of 1297.
1297
List the prime factors of 10325.
5, 7, 59
List the prime factors of 35109.
3, 47, 83
What are the prime factors of 8403?
3, 2801
List the prime factors of 94943.
19, 263
List the prime factors of 41643.
3, 7, 661
What are the prime factors of 44622?
2, 3, 37, 67
List the prime factors of 297.
3, 11
List the prime factors of 17227.
7, 23, 107
What are the prime factors of 40524?
2, 3, 11, 307
What are the prime factors of 592?
2, 37
What are the prime factors of 91989?
3, 3407
List the prime factors of 1050.
2, 3, 5, 7
List the prime factors of 1013.
1013
What are the prime factors of 3308?
2, 827
List the prime factors of 11739.
3, 7, 13, 43
What are the prime factors of 40657?
109, 373
What are the prime factors of 41379?
3, 13, 1061
List the prime factors of 8555.
5, 29, 59
List the prime factors of 29540.
2, 5, 7, 211
What are the prime factors of 4740?
2, 3, 5, 79
List the prime factors of 27606.
2, 3, 43, 107
What are the prime factors of 762?
2, 3, 127
What are the prime factors of 443?
443
What are the prime factors of 1012?
2, 11, 23
What are the prime factors of 2341?
2341
List the prime factors of 98824.
2, 11, 1123
What are the prime factors of 1837?
11, 167
What are the prime factors of 51446?
2, 29, 887
List the prime factors of 6535.
5, 1307
List the prime factors of 61731.
3, 19
List the prime factors of 4410.
2, 3, 5, 7
List the prime factors of 12861.
3, 1429
List the prime factors of 15803.
15803
What are the prime factors of 56997?
3, 2111
What are the prime factors of 28645?
5, 17, 337
List the prime factors of 118385.
5, 23677
List the prime factors of 12641.
12641
List the prime factors of 9559.
11, 79
What are the prime factors of 948?
2, 3, 79
What are the prime factors of 2293?
2293
List the prime factors of 3681.
3, 409
List the prime factors of 1097.
1097
What are the prime factors of 34352?
2, 19, 113
List the prime factors of 130065.
3, 5, 13, 23, 29
List the prime factors of 1580.
2, 5, 79
What are the prime factors of 50082?
2, 3, 17, 491
What are the prime factors of 1094?
2, 547
List the prime factors of 1003.
17, 59
List the prime factors of 3509.
11, 29
What are the prime factors of 1276?
2, 11, 29
List the prime factors of 69410.
2, 5, 11, 631
What are the prime factors of 35003?
17, 29, 71
List the prime factors of 53814.
2, 3, 8969
List the prime factors of 1022.
2, 7, 73
List the prime factors of 351.
3, 13
What are the prime factors of 10424?
2, 1303
What are the prime factors of 3500?
2, 5, 7
List the prime factors of 1250.
2, 5
List the prime factors of 29620.
2, 5, 1481
List the prime factors of 5762.
2, 43, 67
List the prime factors of 44840.
2, 5, 19, 59
What are the prime factors of 36640?
2, 5, 229
What are the prime factors of 4731?
3, 19, 83
List the prime factors of 34766.
2, 17383
What are the prime factors of 162414?
2, 3, 7, 1289
What are the prime factors of 43465?
5, 8693
List the prime factors of 8109.
3, 17, 53
What are the prime factors of 81054?
2, 3, 19, 79
What are the prime factors of 50?
2, 5
List the prime factors of 13608.
2, 3, 7
What are the prime factors of 62535?
3, 5, 11, 379
What are the prime factors of 2949?
3, 983
What are the prime factors of 1640?
2, 5, 41
What are the prime factors of 1963?
13, 151
List the prime factors of 22763.
13, 17, 103
What are the prime factors of 73763?
17, 4339
What are the prime factors of 833?
7, 17
List the prime factors of 4653.
3, 11, 47
List the prime factors of 32491.
32491
List the prime factors of 14000.
2, 5, 7
What are the prime factors of 10133?
10133
List the prime factors of 128.
2
What are the prime factors of 37789?
23, 31, 53
List the prime factors of 3922.
2, 37, 53
What are the prime factors of 680?
2, 5, 17
List the prime factors of 728.
2, 7, 13
List the prime factors of 1298.
2, 11, 59
List the prime factors of 1230.
2, 3, 5, 41
List the prime factors of 11564.
2, 7, 59
List the prime factors of 12166.
2, 7, 11, 79
List the prime factors of 66719.
137, 487
What are the prime factors of 3097?
19, 163
What are the prime factors of 434?
2, 7, 31
List the prime factors of 9891.
3, 7, 157
List the prime factors of 9898.
2, 7, 101
What are the prime factors of 1430?
2, 5, 11, 13
List the prime factors of 317.
317
List the prime factors of 568.
2, 71
List the prime factors of 552.
2, 3, 23
List the prime factors of 43719.
3, 13, 19, 59
List the prime factors of 23096.
2, 2887
What are the prime factors of 45127?
45127
List the prime factors of 16764.
2, 3, 11, 127
List the prime factors of 372.
2, 3, 31
What are the prime factors of 54882?
2, 3, 3049
List the prime factors of 170433.
3, 29, 653
List the prime factors of 10299.
3, 3433
What are the prime factors of 9784?
2, 1223
What are the prime factors of 5600?
2, 5, 7
What are the prime factors of 3400?
2, 5, 17
What are the prime factors of 92920?
2, 5, 23, 101
What are the prime factors of 80777?
80777
What are the prime factors of 1221?
3, 11, 37
List the prime factors of 9890.
2, 5, 23, 43
List the prime factors of 9514.
2, 67, 71
List the prime factors of 46522.
2, 7, 3323
List the prime factors of 4590.
2, 3, 5, 17
List the prime factors of 17846.
2, 8923
List the prime factors of 54011.
54011
What are the prime factors of 2759?
31, 89
What are the prime factors of 1206?
2, 3, 67
What are the prime factors of 94049?
94049
What are the prime factors of 63486?
2, 3, 3527
What ar